 are the prime factors of 29018?
2, 11, 1319
List the prime factors of 476.
2, 7, 17
List the prime factors of 26256.
2, 3, 547
List the prime factors of 86096.
2, 5381
What are the prime factors of 3481?
59
List the prime factors of 576.
2, 3
List the prime factors of 6560.
2, 5, 41
List the prime factors of 120725.
5, 11, 439
What are the prime factors of 16181?
11, 1471
List the prime factors of 5232.
2, 3, 109
What are the prime factors of 10806?
2, 3, 1801
List the prime factors of 43.
43
What are the prime factors of 408?
2, 3, 17
List the prime factors of 137129.
241, 569
What are the prime factors of 10016?
2, 313
List the prime factors of 2158.
2, 13, 83
What are the prime factors of 161?
7, 23
List the prime factors of 13222.
2, 11, 601
List the prime factors of 1768.
2, 13, 17
What are the prime factors of 35373?
3, 13, 907
List the prime factors of 3078.
2, 3, 19
List the prime factors of 1584.
2, 3, 11
What are the prime factors of 26184?
2, 3, 1091
List the prime factors of 1489.
1489
What are the prime factors of 93285?
3, 5, 691
What are the prime factors of 9404?
2, 2351
List the prime factors of 1469.
13, 113
What are the prime factors of 617?
617
What are the prime factors of 1294?
2, 647
What are the prime factors of 216?
2, 3
What are the prime factors of 1437?
3, 479
What are the prime factors of 4849?
13, 373
What are the prime factors of 152038?
2, 19, 4001
What are the prime factors of 816?
2, 3, 17
What are the prime factors of 147?
3, 7
List the prime factors of 1151.
1151
List the prime factors of 2931.
3, 977
List the prime factors of 126575.
5, 61, 83
List the prime factors of 13076.
2, 7, 467
List the prime factors of 10690.
2, 5, 1069
List the prime factors of 57657.
3, 19219
List the prime factors of 186.
2, 3, 31
List the prime factors of 1147.
31, 37
What are the prime factors of 89?
89
List the prime factors of 7831.
41, 191
List the prime factors of 5791.
5791
What are the prime factors of 3455?
5, 691
List the prime factors of 1020.
2, 3, 5, 17
What are the prime factors of 1862?
2, 7, 19
What are the prime factors of 2856?
2, 3, 7, 17
List the prime factors of 5823.
3, 647
What are the prime factors of 6232?
2, 19, 41
List the prime factors of 783.
3, 29
List the prime factors of 3515.
5, 19, 37
List the prime factors of 2515.
5, 503
List the prime factors of 696.
2, 3, 29
List the prime factors of 1092.
2, 3, 7, 13
What are the prime factors of 11860?
2, 5, 593
List the prime factors of 1773.
3, 197
List the prime factors of 89417.
89417
What are the prime factors of 34256?
2, 2141
List the prime factors of 74270.
2, 5, 7, 1061
List the prime factors of 2187.
3
What are the prime factors of 786?
2, 3, 131
What are the prime factors of 4340?
2, 5, 7, 31
List the prime factors of 17669.
17669
List the prime factors of 32295.
3, 5, 2153
What are the prime factors of 2535?
3, 5, 13
What are the prime factors of 604?
2, 151
What are the prime factors of 3717?
3, 7, 59
What are the prime factors of 25855?
5, 5171
What are the prime factors of 47529?
3, 5281
List the prime factors of 4725.
3, 5, 7
What are the prime factors of 8418?
2, 3, 23, 61
List the prime factors of 254.
2, 127
What are the prime factors of 69?
3, 23
List the prime factors of 576.
2, 3
What are the prime factors of 16185?
3, 5, 13, 83
List the prime factors of 16131.
3, 19, 283
List the prime factors of 20492.
2, 47, 109
List the prime factors of 628.
2, 157
List the prime factors of 4029.
3, 17, 79
What are the prime factors of 619?
619
List the prime factors of 843.
3, 281
What are the prime factors of 1604?
2, 401
What are the prime factors of 211?
211
List the prime factors of 41702.
2, 29, 719
What are the prime factors of 23708?
2, 5927
List the prime factors of 51719.
51719
List the prime factors of 1442.
2, 7, 103
List the prime factors of 25637.
31, 827
List the prime factors of 5342.
2, 2671
List the prime factors of 4097.
17, 241
List the prime factors of 2241.
3, 83
List the prime factors of 3156.
2, 3, 263
List the prime factors of 8484.
2, 3, 7, 101
List the prime factors of 20477.
20477
List the prime factors of 415.
5, 83
List the prime factors of 46097.
31, 1487
List the prime factors of 8155.
5, 7, 233
List the prime factors of 4643.
4643
What are the prime factors of 925?
5, 37
What are the prime factors of 617?
617
List the prime factors of 4344.
2, 3, 181
List the prime factors of 45787.
7, 31, 211
List the prime factors of 11370.
2, 3, 5, 379
What are the prime factors of 9054?
2, 3, 503
List the prime factors of 2060.
2, 5, 103
What are the prime factors of 7827?
3, 2609
List the prime factors of 3274.
2, 1637
What are the prime factors of 52408?
2, 6551
List the prime factors of 45033.
3, 17, 883
List the prime factors of 206.
2, 103
List the prime factors of 1464.
2, 3, 61
List the prime factors of 4880.
2, 5, 61
List the prime factors of 7375.
5, 59
List the prime factors of 13305.
3, 5, 887
List the prime factors of 2700.
2, 3, 5
What are the prime factors of 2930?
2, 5, 293
List the prime factors of 35.
5, 7
List the prime factors of 382.
2, 191
What are the prime factors of 7919?
7919
What are the prime factors of 29637?
3, 37, 89
List the prime factors of 4272.
2, 3, 89
What are the prime factors of 8378?
2, 59, 71
What are the prime factors of 876?
2, 3, 73
What are the prime factors of 171?
3, 19
List the prime factors of 49073.
31, 1583
List the prime factors of 718.
2, 359
What are the prime factors of 25340?
2, 5, 7, 181
What are the prime factors of 12440?
2, 5, 311
What are the prime factors of 15944?
2, 1993
What are the prime factors of 24842?
2, 12421
List the prime factors of 1778.
2, 7, 127
List the prime factors of 54090.
2, 3, 5, 601
List the prime factors of 11605.
5, 11, 211
What are the prime factors of 1084?
2, 271
What are the prime factors of 27848?
2, 59
List the prime factors of 978.
2, 3, 163
List the prime factors of 117365.
5, 23473
List the prime factors of 4223.
41, 103
What are the prime factors of 627?
3, 11, 19
What are the prime factors of 3339?
3, 7, 53
List the prime factors of 11240.
2, 5, 281
What are the prime factors of 55771?
43, 1297
List the prime factors of 9333.
3, 17, 61
What are the prime factors of 9531?
3, 353
What are the prime factors of 18136?
2, 2267
List the prime factors of 24445.
5, 4889
List the prime factors of 1896.
2, 3, 79
What are the prime factors of 419?
419
List the prime factors of 20075.
5, 11, 73
What are the prime factors of 15315?
3, 5, 1021
What are the prime factors of 459?
3, 17
What are the prime factors of 4455?
3, 5, 11
What are the prime factors of 59784?
2, 3, 47, 53
List the prime factors of 12393.
3, 17
List the prime factors of 4286.
2, 2143
What are the prime factors of 8729?
7, 29, 43
List the prime factors of 1100.
2, 5, 11
What are the prime factors of 24825?
3, 5, 331
What are the prime factors of 1086?
2, 3, 181
What are the prime factors of 102079?
102079
What are the prime factors of 3270?
2, 3, 5, 109
List the prime factors of 14140.
2, 5, 7, 101
What are the prime factors of 4341?
3, 1447
What are the prime factors of 4629?
3, 1543
What are the prime factors of 6557?
79, 83
What are the prime factors of 9360?
2, 3, 5, 13
List the prime factors of 201.
3, 67
List the prime factors of 2709.
3, 7, 43
List the prime factors of 45579.
3, 15193
List the prime factors of 4140.
2, 3, 5, 23
What are the prime factors of 570?
2, 3, 5, 19
What are the prime factors of 16303?
7, 17, 137
List the prime factors of 2295.
3, 5, 17
What are the prime factors of 17468?
2, 11, 397
What are the prime factors of 4639?
4639
What are the prime factors of 38779?
13, 19, 157
List the prime factors of 1607.
1607
List the prime factors of 5290.
2, 5, 23
What are the prime factors of 6030?
2, 3, 5, 67
What are the prime factors of 1542?
2, 3, 257
What are the prime factors of 1474?
2, 11, 67
What are the prime factors of 2941?
17, 173
What are the prime factors of 1549?
1549
List the prime factors of 65107.
7, 71, 131
List the prime factors of 2751.
3, 7, 131
What are the prime factors of 440?
2, 5, 11
What are the prime factors of 5507?
5507
What are the prime factors of 132058?
2, 66029
What are the prime factors of 2048?
2
List the prime facto